{"id":2737,"date":"2025-01-28T16:23:33","date_gmt":"2025-01-28T15:23:33","guid":{"rendered":"https:\/\/seastemic.com\/?page_id=2737"},"modified":"2025-02-13T09:07:05","modified_gmt":"2025-02-13T08:07:05","slug":"programme-ingenierie-pedagogique","status":"publish","type":"page","link":"https:\/\/seastemic.com\/index.php\/former\/programme-ingenierie-pedagogique\/","title":{"rendered":"Programme Ing\u00e9nierie P\u00e9dagogique"},"content":{"rendered":"<div class=\"yoast-breadcrumbs\"><span><span><a href=\"https:\/\/seastemic.com\/\">Accueil<\/a><\/span> \u00bb <span><a href=\"https:\/\/seastemic.com\/index.php\/former\/\">FORMER<\/a><\/span> \u00bb <span class=\"breadcrumb_last\" aria-current=\"page\">Programme Ing\u00e9nierie P\u00e9dagogique<\/span><\/span><\/div>\n\n\n<h2 class=\"wp-block-heading\">Objectifs de formation<\/h2>\n\n\n\n<p>Homog\u00e9n\u00e9iser et am\u00e9liorer les postures d\u2019animateur de groupe et de formateur pour des intervenants experts techniques amen\u00e9s \u00e0 partager leur savoir faire technique. L\u2019expertise technique du contenu des formations et le Savoir Faire technique de chacun des participants ne fait pas partie du p\u00e9rim\u00e8tre de cette formation.<\/p>\n\n\n\n<p>Le contenu sp\u00e9cifique de ces formations pourra \u00eatre n\u00e9anmoins abord\u00e9 via l\u2019animation d\u2019ateliers de groupe sur le partage des probl\u00e9matiques rencontr\u00e9es par les stagiaires, s\u2019il y en a, sur la fa\u00e7on de le pr\u00e9senter ou la mise en forme du contenu.<\/p>\n\n\n\n<p>Cette formation adapt\u00e9e aborde :&nbsp;<\/p>\n\n\n\n<ul class=\"wp-block-list\">\n<li>L\u2019ensemble des sujets li\u00e9s \u00e0 la mise en place d\u2019une formation depuis sa conception jusqu&rsquo;\u00e0 sa tenue et son \u00e9valuation.<\/li>\n\n\n\n<li>L\u2019approche p\u00e9dagogique&nbsp;<\/li>\n\n\n\n<li>La gestion et l\u2019animation d\u2019un groupe.<\/li>\n\n\n\n<li>Les outils d\u2019auto \u00e9valuation et d\u2019am\u00e9lioration propres au Formateur.<\/li>\n<\/ul>\n\n\n\n<p>A l\u2019issue de cette formation, les comp\u00e9tences vis\u00e9es sont<\/p>\n\n\n\n<ul class=\"wp-block-list\">\n<li>Connaissance du Savoir \u00eatre et Savoir Faire dans la profession d\u2019Animateur de groupe et Formateur.<\/li>\n\n\n\n<li>Connaissance du Faire Ensemble avec un groupe \u00e0 former.<\/li>\n\n\n\n<li>Savoir s\u2019\u00e9valuer en tant que formateur&nbsp;; conna\u00eetre son propre niveau actuel et ses axes de travail.<\/li>\n<\/ul>\n\n\n\n<h2 class=\"wp-block-heading\">Public vis\u00e9 et pr\u00e9-requis<\/h2>\n\n\n\n<p>Professionnels op\u00e9rationnels ; consultants ; experts techniques&#8230; \u00e9tant amen\u00e9 \u00e0 partager son savoir faire et\/ou son expertise et \u00e0 donner des formations sur ses sujets.<\/p>\n\n\n\n<p>Professionnel amen\u00e9 \u00e0 dispenser des formations et voulant mieux appr\u00e9hender les m\u00e9canismes de p\u00e9dagogie et d\u2019animation active de groupes d\u2019adultes.<\/p>\n\n\n\n<p>Il n\u2019y a pas de pr\u00e9-requis.<\/p>\n\n\n\n<h2 class=\"wp-block-heading\">Intervenant<\/h2>\n\n\n\n<p>La formation est anim\u00e9e par 1 formateur&nbsp;: Eric Cros, consultant et formateur exp\u00e9riment\u00e9.<\/p>\n\n\n\n<h2 class=\"wp-block-heading\">Modalit\u00e9s p\u00e9dagogiques<\/h2>\n\n\n\n<p>La formation est anim\u00e9e \u00e0 partir de modalit\u00e9s vari\u00e9es : apports de connaissances, jeux &amp; exercices de d\u00e9couverte, pr\u00e9sentations de m\u00e9thodes, mises en situations, partage d\u2019exp\u00e9riences, co-construction en groupe, Mises en pratique avec retour d\u2019analyse par le groupe, Travail individuel sur sa carte d\u2019identit\u00e9 de formateur et son positionnement par rapport \u00e0 un groupe. <\/p>\n\n\n\n<p>Les \u00e9changes entre les participants et avec l\u2019intervenant permettent de prendre du recul sur les situations rencontr\u00e9es.<\/p>\n\n\n\n<h2 class=\"wp-block-heading\">Dur\u00e9e et date<\/h2>\n\n\n\n<p>La formation collective se d\u00e9roule sur 2 jours 14 heures<\/p>\n\n\n\n<p>Elle est anim\u00e9e par 1 formateur par groupe de 4 \u00e0 14 personnes maximum<\/p>\n\n\n\n<h2 class=\"wp-block-heading\">Lieu de formation<\/h2>\n\n\n\n<p><strong>INTRA<\/strong> : La formation se d\u00e9roule dans vos locaux.<\/p>\n\n\n\n<h2 class=\"wp-block-heading\">Modalit\u00e9 de suivi<\/h2>\n\n\n\n<p>Une feuille d\u2019\u00e9margement est sign\u00e9e par les participants.<\/p>\n\n\n\n<p>Une \u00e9valuation est effectu\u00e9e par les participants \u00e0 l\u2019issue de la formation&nbsp;: recueil oral et questionnaire d\u2019\u00e9valuation.<\/p>\n\n\n\n<p>Entretien de bilan du dispositif avec le Responsable formation.<\/p>\n\n\n\n<h2 class=\"wp-block-heading\">Budget<\/h2>\n\n\n\n<p><strong>INTER : <\/strong>Une session de formation&nbsp;de 2 jours 14 heures&nbsp;est factur\u00e9e 1600 Euros HT par stagiaire repas du midi inclus.<\/p>\n\n\n\n<p><strong>INTRA<\/strong> : Devis sur demande adapt\u00e9 \u00e0 votre structure<\/p>\n\n\n\n<p class=\"has-text-align-left\"><strong>#FORMATION #SOFT SKILLS #INGENIERIE PEDAGOGIQUE<\/strong><\/p>\n\n\n\n<p class=\"has-text-align-left\">Comp\u00e9tence : Savoir + Savoir-\u00catre + Savoir-Faire. P\u00e9dagogie Active + Apports de savoir et Trvaux pratiques.<\/p>\n\n\n\n<p class=\"has-text-align-left\"><strong>Th\u00e8mes abord\u00e9s :<\/strong> #Formation #P\u00e9dagogie #Posture #Parole<\/p>\n\n\n\n<div class=\"wp-block-columns alignwide is-layout-flex wp-container-core-columns-is-layout-1 wp-block-columns-is-layout-flex\">\n<div class=\"wp-block-column is-layout-flow wp-block-column-is-layout-flow\" style=\"flex-basis:66.66%\">\n<p><\/p>\n\n\n\n<h4 class=\"wp-block-heading\">Plaquette formation &#8211; Ing\u00e9nierie P\u00e9dagogique<\/h4>\n\n\n\n<div class=\"wp-block-group is-nowrap is-layout-flex wp-container-core-group-is-layout-2 wp-block-group-is-layout-flex\">\n<div id=\"wp-block-themeisle-blocks-font-awesome-icons-6d3acf15\" class=\"wp-block-themeisle-blocks-font-awesome-icons\"><span class=\"wp-block-themeisle-blocks-font-awesome-icons-container\"><i class=\"far fa-file\"><\/i><\/span><\/div>\n\n\n\n<div class=\"wp-block-group has-large-font-size is-vertical is-layout-flex wp-container-core-group-is-layout-1 wp-block-group-is-layout-flex\">\n<p class=\"has-large-font-size\"><a href=\"https:\/\/seastemic.com\/wp-content\/uploads\/2023\/09\/Plaquette_Presentation_Seastemic_EricCros_132.pdf\">T\u00e9l\u00e9<\/a><a href=\"https:\/\/seastemic.com\/wp-content\/uploads\/2025\/01\/ODS-Seastemic_Fiche-Formation_Ingenierie-Pedagogique_Posture-Formateur-2.pdf\" target=\"_blank\" rel=\"noreferrer noopener\">charger le PDF<\/a><\/p>\n<\/div>\n<\/div>\n\n\n\n<h2 class=\"wp-block-heading\">D\u00e9roulement de la formation<\/h2>\n\n\n\n<p style=\"text-transform:capitalize\"><strong>01 \/ Module 1 : Introduction aux fondamentaux de la p\u00e9dagogie<\/strong><\/p>\n\n\n\n<ul class=\"wp-block-list\">\n<li>Conditions de l\u2019apprentissage \u00e0 l\u2019\u00e2ge adulte<\/li>\n\n\n\n<li>Rep\u00e8res pour faciliter l\u2019apprentissage<\/li>\n<\/ul>\n\n\n\n<p><strong>02 \/ Module 2 : Concevoir une formation<\/strong><\/p>\n\n\n\n<ul class=\"wp-block-list\">\n<li>Faire \u00e9merger les besoins : \u00ab Dans quel but cette formation est-elle organis\u00e9e ? \u00bb<\/li>\n\n\n\n<li>D\u00e9finir la cascade des objectifs de la formation<\/li>\n\n\n\n<li>Quatre niveaux d\u2019objectifs<\/li>\n\n\n\n<li>R\u00e9diger les objectifs p\u00e9dagogiques<\/li>\n\n\n\n<li>Evaluer une action de formation<\/li>\n<\/ul>\n\n\n\n<p><strong>03 \/ Module 3 : Construire l&rsquo;itin\u00e9raire p\u00e9dagogique<\/strong><\/p>\n\n\n\n<ul class=\"wp-block-list\">\n<li>Elaborer la progression p\u00e9dagogique<\/li>\n\n\n\n<li>Se rep\u00e9rer dans les m\u00e9thodes p\u00e9dagogiques<\/li>\n\n\n\n<li>Pr\u00e9parer les techniques d\u2019animation<\/li>\n\n\n\n<li>R\u00e9aliser les outils et les supports&rsquo;action.<\/li>\n<\/ul>\n\n\n\n<p><strong>04 \/ Module 4 : Soigner les moments cl\u00e9s du parcours<\/strong><\/p>\n\n\n\n<ul class=\"wp-block-list\">\n<li>L\u2019accueil : ouverture et d\u00e9tente<\/li>\n\n\n\n<li>Le d\u00e9marrage de la formation : un d\u00e9collage collectif<\/li>\n\n\n\n<li>L\u2019Atterrissage de la formation : ancrage et plan d\u2019action<\/li>\n<\/ul>\n\n\n\n<p style=\"text-transform:lowercase\"><strong>05 \/ Module 5 : En AMONT DU JOUR \u00ab J \u00bb<\/strong><\/p>\n\n\n\n<ul class=\"wp-block-list\">\n<li>Dernier ajustements avec vos interlocuteurs<\/li>\n\n\n\n<li>V\u00e9rification de votre mat\u00e9riel<\/li>\n\n\n\n<li>Installation de la salle<\/li>\n\n\n\n<li>Se pr\u00e9parer personnellement<\/li>\n<\/ul>\n\n\n\n<p style=\"text-transform:lowercase\"><strong>06 \/ Module 6 : Le JOUR \u00ab J \u00bb<\/strong> <strong>Action<\/strong><\/p>\n\n\n\n<ul class=\"wp-block-list\">\n<li>Un espace \u00e0 mettre en sc\u00e8ne<\/li>\n\n\n\n<li>Le r\u00f4le du formateur<\/li>\n\n\n\n<li>Un espace de dialogue \u00e0 instaurer<\/li>\n\n\n\n<li>Des interactions \u00e0 r\u00e9guler<\/li>\n\n\n\n<li>Un temps et un rythme que le formateur g\u00e8re en lien avec le groupe<\/li>\n\n\n\n<li>Le tableau feuille, un pr\u00e9cieux support de formalisation<\/li>\n<\/ul>\n\n\n\n<div class=\"wp-block-buttons is-content-justification-center is-layout-flex wp-container-core-buttons-is-layout-1 wp-block-buttons-is-layout-flex\">\n<div class=\"wp-block-button has-custom-width wp-block-button__width-100 is-style-secondary\"><a class=\"wp-block-button__link wp-element-button\" href=\"https:\/\/seastemic.com\/index.php\/contact-2\/#formulaire\" target=\"_blank\" rel=\"noreferrer noopener\">NOUS CONTACTER<\/a><\/div>\n<\/div>\n<\/div>\n\n\n\n<div class=\"wp-block-column is-vertically-aligned-top is-layout-flow wp-block-column-is-layout-flow\" style=\"flex-basis:33.33%\">\n<div class=\"wp-block-cover\" style=\"margin-top:0;padding-top:48px;padding-right:48px;padding-bottom:48px;padding-left:48px;min-height:880px;aspect-ratio:unset;\"><span aria-hidden=\"true\" class=\"wp-block-cover__background has-nv-c-1-background-color has-background-dim-100 has-background-dim\"><\/span><img loading=\"lazy\" decoding=\"async\" width=\"100\" height=\"100\" class=\"wp-block-cover__image-background wp-image-1197\" alt=\"\" src=\"https:\/\/seastemic.com\/wp-content\/uploads\/2023\/06\/chapeau-2-100x100-1.png\" data-object-fit=\"cover\"\/><div class=\"wp-block-cover__inner-container is-layout-flow wp-block-cover-is-layout-flow\">\n<h3 class=\"wp-block-heading has-text-align-center has-white-color has-text-color\">Informations<\/h3>\n\n\n\n<div class=\"wp-block-group is-content-justification-left is-nowrap is-layout-flex wp-container-core-group-is-layout-3 wp-block-group-is-layout-flex\">\n<div id=\"wp-block-themeisle-blocks-font-awesome-icons-16348fa9\" class=\"wp-block-themeisle-blocks-font-awesome-icons\"><span class=\"wp-block-themeisle-blocks-font-awesome-icons-container\"><i class=\"fas fa-people-arrows\"><\/i><\/span><\/div>\n\n\n\n<p>Tout Public &#8211; 14 Participants<\/p>\n<\/div>\n\n\n\n<div class=\"wp-block-group is-content-justification-left is-nowrap is-layout-flex wp-container-core-group-is-layout-4 wp-block-group-is-layout-flex\">\n<div id=\"wp-block-themeisle-blocks-font-awesome-icons-20f67bef\" class=\"wp-block-themeisle-blocks-font-awesome-icons\"><span class=\"wp-block-themeisle-blocks-font-awesome-icons-container\"><i class=\"far fa-clock\"><\/i><\/span><\/div>\n\n\n\n<p class=\"has-text-align-left\">14 Heures<\/p>\n<\/div>\n\n\n\n<div class=\"wp-block-group is-content-justification-left is-nowrap is-layout-flex wp-container-core-group-is-layout-5 wp-block-group-is-layout-flex\">\n<div id=\"wp-block-themeisle-blocks-font-awesome-icons-1d5d441a\" class=\"wp-block-themeisle-blocks-font-awesome-icons\"><span class=\"wp-block-themeisle-blocks-font-awesome-icons-container\"><i class=\"fas fa-euro-sign\"><\/i><\/span><\/div>\n\n\n\n<p><strong>T A R I F<\/strong><br><strong><em>INTER<\/em><\/strong> 1600 \u20ac HT \/ Stagiaire<br><strong><em>INTRA<\/em><\/strong> Devis Sur demande \u20ac <\/p>\n<\/div>\n\n\n\n<div class=\"wp-block-group is-content-justification-left is-nowrap is-layout-flex wp-container-core-group-is-layout-6 wp-block-group-is-layout-flex\">\n<div id=\"wp-block-themeisle-blocks-font-awesome-icons-55b0f498\" class=\"wp-block-themeisle-blocks-font-awesome-icons\"><span class=\"wp-block-themeisle-blocks-font-awesome-icons-container\"><i class=\"far fa-calendar-check\"><\/i><\/span><\/div>\n\n\n\n<p>Date session : sur demande<\/p>\n<\/div>\n\n\n\n<div class=\"wp-block-group is-content-justification-left is-nowrap is-layout-flex wp-container-core-group-is-layout-7 wp-block-group-is-layout-flex\">\n<div id=\"wp-block-themeisle-blocks-font-awesome-icons-b7290335\" class=\"wp-block-themeisle-blocks-font-awesome-icons\"><span class=\"wp-block-themeisle-blocks-font-awesome-icons-container\"><i class=\"fas fa-map-marker-alt\"><\/i><\/span><\/div>\n\n\n\n<p>Formation  en pr\u00e9sentiel uniquement <\/p>\n<\/div>\n\n\n\n<div class=\"wp-block-group is-content-justification-left is-nowrap is-layout-flex wp-container-core-group-is-layout-8 wp-block-group-is-layout-flex\">\n<div id=\"wp-block-themeisle-blocks-font-awesome-icons-d24b2390\" class=\"wp-block-themeisle-blocks-font-awesome-icons\"><span class=\"wp-block-themeisle-blocks-font-awesome-icons-container\"><i class=\"fas fa-user-graduate\"><\/i><\/span><\/div>\n\n\n\n<p>Animateur exp\u00e9riment\u00e9s (&gt;20 ans d&rsquo;exp\u00e9rience)<\/p>\n<\/div>\n<\/div><\/div>\n\n\n\n<div class=\"wp-block-cover\" style=\"min-height:127px;aspect-ratio:unset;\"><span aria-hidden=\"true\" class=\"wp-block-cover__background has-nv-light-bg-background-color has-background-dim-100 has-background-dim\"><\/span><div class=\"wp-block-cover__inner-container is-layout-constrained wp-block-cover-is-layout-constrained\">\n<h4 class=\"wp-block-heading\">Pr\u00e9-Requis<\/h4>\n\n\n\n<p class=\"has-text-align-left has-large-font-size\">Aucun<\/p>\n<\/div><\/div>\n\n\n\n<div class=\"wp-block-cover\" style=\"min-height:419px;aspect-ratio:unset;\"><span aria-hidden=\"true\" class=\"wp-block-cover__background has-nv-light-bg-background-color has-background-dim-100 has-background-dim\"><\/span><div class=\"wp-block-cover__inner-container is-layout-constrained wp-block-cover-is-layout-constrained\">\n<h4 class=\"wp-block-heading\">Les +<\/h4>\n\n\n\n<ul class=\"wp-block-list\">\n<li>Mont\u00e9e en comp\u00e9tence Individuelle et en groupe<\/li>\n\n\n\n<li>Recul critique sur ses propres comp\u00e9tences<\/li>\n\n\n\n<li>Capacit\u00e9 \u00e0 s&rsquo;auto \u00e9valuer<\/li>\n<\/ul>\n<\/div><\/div>\n\n\n\n<div class=\"wp-block-cover\" style=\"min-height:320px;aspect-ratio:unset;\"><span aria-hidden=\"true\" class=\"wp-block-cover__background has-nv-light-bg-background-color has-background-dim-100 has-background-dim\"><\/span><div class=\"wp-block-cover__inner-container is-layout-constrained wp-block-cover-is-layout-constrained\">\n<h4 class=\"wp-block-heading\">Evaluation<\/h4>\n\n\n\n<p>Questionnaire \u00e0 choix multiples asynchrones avec correction<\/p>\n\n\n\n<p>Questionnaire \u00e0 choix multiples synchrones et interactifs avec correction par l\u2019animateur ou auto-corrections par les participants<\/p>\n<\/div><\/div>\n<\/div>\n<\/div>\n","protected":false},"excerpt":{"rendered":"<p>Objectifs de formation Homog\u00e9n\u00e9iser et am\u00e9liorer les postures d\u2019animateur de groupe et de formateur pour des intervenants experts techniques amen\u00e9s \u00e0 partager leur savoir faire technique. L\u2019expertise technique du contenu des formations et le Savoir Faire technique de chacun des participants ne fait pas partie du p\u00e9rim\u00e8tre de cette formation. Le contenu sp\u00e9cifique de ces&hellip;&nbsp;<a href=\"https:\/\/seastemic.com\/index.php\/former\/programme-ingenierie-pedagogique\/\" class=\"\" rel=\"bookmark\">Lire la suite &raquo;<span class=\"screen-reader-text\">Programme Ing\u00e9nierie P\u00e9dagogique<\/span><\/a><\/p>\n","protected":false},"author":1,"featured_media":0,"parent":1382,"menu_order":0,"comment_status":"closed","ping_status":"closed","template":"","meta":{"neve_meta_sidebar":"","neve_meta_container":"","neve_meta_enable_content_width":"","neve_meta_content_width":0,"neve_meta_title_alignment":"","neve_meta_author_avatar":"","neve_post_elements_order":"","neve_meta_disable_header":"","neve_meta_disable_footer":"","neve_meta_disable_title":"on","_themeisle_gutenberg_block_has_review":false,"footnotes":""},"class_list":["post-2737","page","type-page","status-publish","hentry"],"yoast_head":"<!-- This site is optimized with the Yoast SEO plugin v24.4 - https:\/\/yoast.com\/wordpress\/plugins\/seo\/ -->\n<title>Programme Ing\u00e9nierie P\u00e9dagogique - Seastemic<\/title>\n<meta name=\"description\" content=\"Une formation pour acqu\u00e9rir ou am\u00e9liorer ses postures de formateur. Comprendre les m\u00e9canismes p\u00e9dagogiques pour optimiser la transmission de votre expertise.\" \/>\n<meta name=\"robots\" content=\"index, follow, max-snippet:-1, max-image-preview:large, max-video-preview:-1\" \/>\n<link rel=\"canonical\" href=\"https:\/\/seastemic.com\/index.php\/former\/programme-ingenierie-pedagogique\/\" \/>\n<meta property=\"og:locale\" content=\"fr_FR\" \/>\n<meta property=\"og:type\" content=\"article\" \/>\n<meta property=\"og:title\" content=\"Programme Ing\u00e9nierie P\u00e9dagogique - Seastemic\" \/>\n<meta property=\"og:description\" content=\"Une formation pour acqu\u00e9rir ou am\u00e9liorer ses postures de formateur. Comprendre les m\u00e9canismes p\u00e9dagogiques pour optimiser la transmission de votre expertise.\" \/>\n<meta property=\"og:url\" content=\"https:\/\/seastemic.com\/index.php\/former\/programme-ingenierie-pedagogique\/\" \/>\n<meta property=\"og:site_name\" content=\"Seastemic\" \/>\n<meta property=\"article:modified_time\" content=\"2025-02-13T08:07:05+00:00\" \/>\n<meta property=\"og:image\" content=\"https:\/\/seastemic.com\/wp-content\/uploads\/2023\/06\/chapeau-2-100x100-1.png\" \/>\n\t<meta property=\"og:image:width\" content=\"100\" \/>\n\t<meta property=\"og:image:height\" content=\"100\" \/>\n\t<meta property=\"og:image:type\" content=\"image\/png\" \/>\n<meta name=\"twitter:card\" content=\"summary_large_image\" \/>\n<meta name=\"twitter:label1\" content=\"Dur\u00e9e de lecture estim\u00e9e\" \/>\n\t<meta name=\"twitter:data1\" content=\"4 minutes\" \/>\n<script type=\"application\/ld+json\" class=\"yoast-schema-graph\">{\"@context\":\"https:\/\/schema.org\",\"@graph\":[{\"@type\":\"WebPage\",\"@id\":\"https:\/\/seastemic.com\/index.php\/former\/programme-ingenierie-pedagogique\/\",\"url\":\"https:\/\/seastemic.com\/index.php\/former\/programme-ingenierie-pedagogique\/\",\"name\":\"Programme Ing\u00e9nierie P\u00e9dagogique - Seastemic\",\"isPartOf\":{\"@id\":\"https:\/\/seastemic.com\/#website\"},\"primaryImageOfPage\":{\"@id\":\"https:\/\/seastemic.com\/index.php\/former\/programme-ingenierie-pedagogique\/#primaryimage\"},\"image\":{\"@id\":\"https:\/\/seastemic.com\/index.php\/former\/programme-ingenierie-pedagogique\/#primaryimage\"},\"thumbnailUrl\":\"https:\/\/seastemic.com\/wp-content\/uploads\/2023\/06\/chapeau-2-100x100-1.png\",\"datePublished\":\"2025-01-28T15:23:33+00:00\",\"dateModified\":\"2025-02-13T08:07:05+00:00\",\"description\":\"Une formation pour acqu\u00e9rir ou am\u00e9liorer ses postures de formateur. Comprendre les m\u00e9canismes p\u00e9dagogiques pour optimiser la transmission de votre expertise.\",\"breadcrumb\":{\"@id\":\"https:\/\/seastemic.com\/index.php\/former\/programme-ingenierie-pedagogique\/#breadcrumb\"},\"inLanguage\":\"fr-FR\",\"potentialAction\":[{\"@type\":\"ReadAction\",\"target\":[\"https:\/\/seastemic.com\/index.php\/former\/programme-ingenierie-pedagogique\/\"]}]},{\"@type\":\"ImageObject\",\"inLanguage\":\"fr-FR\",\"@id\":\"https:\/\/seastemic.com\/index.php\/former\/programme-ingenierie-pedagogique\/#primaryimage\",\"url\":\"https:\/\/seastemic.com\/wp-content\/uploads\/2023\/06\/chapeau-2-100x100-1.png\",\"contentUrl\":\"https:\/\/seastemic.com\/wp-content\/uploads\/2023\/06\/chapeau-2-100x100-1.png\",\"width\":100,\"height\":100},{\"@type\":\"BreadcrumbList\",\"@id\":\"https:\/\/seastemic.com\/index.php\/former\/programme-ingenierie-pedagogique\/#breadcrumb\",\"itemListElement\":[{\"@type\":\"ListItem\",\"position\":1,\"name\":\"Accueil\",\"item\":\"https:\/\/seastemic.com\/\"},{\"@type\":\"ListItem\",\"position\":2,\"name\":\"FORMER\",\"item\":\"https:\/\/seastemic.com\/index.php\/former\/\"},{\"@type\":\"ListItem\",\"position\":3,\"name\":\"Programme Ing\u00e9nierie P\u00e9dagogique\"}]},{\"@type\":\"WebSite\",\"@id\":\"https:\/\/seastemic.com\/#website\",\"url\":\"https:\/\/seastemic.com\/\",\"name\":\"Seastemic\",\"description\":\"Inspirer, Former, Transformer\",\"publisher\":{\"@id\":\"https:\/\/seastemic.com\/#organization\"},\"potentialAction\":[{\"@type\":\"SearchAction\",\"target\":{\"@type\":\"EntryPoint\",\"urlTemplate\":\"https:\/\/seastemic.com\/?s={search_term_string}\"},\"query-input\":{\"@type\":\"PropertyValueSpecification\",\"valueRequired\":true,\"valueName\":\"search_term_string\"}}],\"inLanguage\":\"fr-FR\"},{\"@type\":\"Organization\",\"@id\":\"https:\/\/seastemic.com\/#organization\",\"name\":\"Seastemic\",\"url\":\"https:\/\/seastemic.com\/\",\"logo\":{\"@type\":\"ImageObject\",\"inLanguage\":\"fr-FR\",\"@id\":\"https:\/\/seastemic.com\/#\/schema\/logo\/image\/\",\"url\":\"https:\/\/seastemic.com\/wp-content\/uploads\/2023\/06\/cropped-cropped-icone_seastemic.png\",\"contentUrl\":\"https:\/\/seastemic.com\/wp-content\/uploads\/2023\/06\/cropped-cropped-icone_seastemic.png\",\"width\":\"512\",\"height\":\"512\",\"caption\":\"Seastemic\"},\"image\":{\"@id\":\"https:\/\/seastemic.com\/#\/schema\/logo\/image\/\"},\"sameAs\":[\"https:\/\/www.linkedin.com\/company\/seastemic31\"]}]}<\/script>\n<!-- \/ Yoast SEO plugin. -->","yoast_head_json":{"title":"Programme Ing\u00e9nierie P\u00e9dagogique - Seastemic","description":"Une formation pour acqu\u00e9rir ou am\u00e9liorer ses postures de formateur. Comprendre les m\u00e9canismes p\u00e9dagogiques pour optimiser la transmission de votre expertise.","robots":{"index":"index","follow":"follow","max-snippet":"max-snippet:-1","max-image-preview":"max-image-preview:large","max-video-preview":"max-video-preview:-1"},"canonical":"https:\/\/seastemic.com\/index.php\/former\/programme-ingenierie-pedagogique\/","og_locale":"fr_FR","og_type":"article","og_title":"Programme Ing\u00e9nierie P\u00e9dagogique - Seastemic","og_description":"Une formation pour acqu\u00e9rir ou am\u00e9liorer ses postures de formateur. Comprendre les m\u00e9canismes p\u00e9dagogiques pour optimiser la transmission de votre expertise.","og_url":"https:\/\/seastemic.com\/index.php\/former\/programme-ingenierie-pedagogique\/","og_site_name":"Seastemic","article_modified_time":"2025-02-13T08:07:05+00:00","og_image":[{"width":100,"height":100,"url":"https:\/\/seastemic.com\/wp-content\/uploads\/2023\/06\/chapeau-2-100x100-1.png","type":"image\/png"}],"twitter_card":"summary_large_image","twitter_misc":{"Dur\u00e9e de lecture estim\u00e9e":"4 minutes"},"schema":{"@context":"https:\/\/schema.org","@graph":[{"@type":"WebPage","@id":"https:\/\/seastemic.com\/index.php\/former\/programme-ingenierie-pedagogique\/","url":"https:\/\/seastemic.com\/index.php\/former\/programme-ingenierie-pedagogique\/","name":"Programme Ing\u00e9nierie P\u00e9dagogique - Seastemic","isPartOf":{"@id":"https:\/\/seastemic.com\/#website"},"primaryImageOfPage":{"@id":"https:\/\/seastemic.com\/index.php\/former\/programme-ingenierie-pedagogique\/#primaryimage"},"image":{"@id":"https:\/\/seastemic.com\/index.php\/former\/programme-ingenierie-pedagogique\/#primaryimage"},"thumbnailUrl":"https:\/\/seastemic.com\/wp-content\/uploads\/2023\/06\/chapeau-2-100x100-1.png","datePublished":"2025-01-28T15:23:33+00:00","dateModified":"2025-02-13T08:07:05+00:00","description":"Une formation pour acqu\u00e9rir ou am\u00e9liorer ses postures de formateur. Comprendre les m\u00e9canismes p\u00e9dagogiques pour optimiser la transmission de votre expertise.","breadcrumb":{"@id":"https:\/\/seastemic.com\/index.php\/former\/programme-ingenierie-pedagogique\/#breadcrumb"},"inLanguage":"fr-FR","potentialAction":[{"@type":"ReadAction","target":["https:\/\/seastemic.com\/index.php\/former\/programme-ingenierie-pedagogique\/"]}]},{"@type":"ImageObject","inLanguage":"fr-FR","@id":"https:\/\/seastemic.com\/index.php\/former\/programme-ingenierie-pedagogique\/#primaryimage","url":"https:\/\/seastemic.com\/wp-content\/uploads\/2023\/06\/chapeau-2-100x100-1.png","contentUrl":"https:\/\/seastemic.com\/wp-content\/uploads\/2023\/06\/chapeau-2-100x100-1.png","width":100,"height":100},{"@type":"BreadcrumbList","@id":"https:\/\/seastemic.com\/index.php\/former\/programme-ingenierie-pedagogique\/#breadcrumb","itemListElement":[{"@type":"ListItem","position":1,"name":"Accueil","item":"https:\/\/seastemic.com\/"},{"@type":"ListItem","position":2,"name":"FORMER","item":"https:\/\/seastemic.com\/index.php\/former\/"},{"@type":"ListItem","position":3,"name":"Programme Ing\u00e9nierie P\u00e9dagogique"}]},{"@type":"WebSite","@id":"https:\/\/seastemic.com\/#website","url":"https:\/\/seastemic.com\/","name":"Seastemic","description":"Inspirer, Former, Transformer","publisher":{"@id":"https:\/\/seastemic.com\/#organization"},"potentialAction":[{"@type":"SearchAction","target":{"@type":"EntryPoint","urlTemplate":"https:\/\/seastemic.com\/?s={search_term_string}"},"query-input":{"@type":"PropertyValueSpecification","valueRequired":true,"valueName":"search_term_string"}}],"inLanguage":"fr-FR"},{"@type":"Organization","@id":"https:\/\/seastemic.com\/#organization","name":"Seastemic","url":"https:\/\/seastemic.com\/","logo":{"@type":"ImageObject","inLanguage":"fr-FR","@id":"https:\/\/seastemic.com\/#\/schema\/logo\/image\/","url":"https:\/\/seastemic.com\/wp-content\/uploads\/2023\/06\/cropped-cropped-icone_seastemic.png","contentUrl":"https:\/\/seastemic.com\/wp-content\/uploads\/2023\/06\/cropped-cropped-icone_seastemic.png","width":"512","height":"512","caption":"Seastemic"},"image":{"@id":"https:\/\/seastemic.com\/#\/schema\/logo\/image\/"},"sameAs":["https:\/\/www.linkedin.com\/company\/seastemic31"]}]}},"_links":{"self":[{"href":"https:\/\/seastemic.com\/index.php\/wp-json\/wp\/v2\/pages\/2737","targetHints":{"allow":["GET"]}}],"collection":[{"href":"https:\/\/seastemic.com\/index.php\/wp-json\/wp\/v2\/pages"}],"about":[{"href":"https:\/\/seastemic.com\/index.php\/wp-json\/wp\/v2\/types\/page"}],"author":[{"embeddable":true,"href":"https:\/\/seastemic.com\/index.php\/wp-json\/wp\/v2\/users\/1"}],"replies":[{"embeddable":true,"href":"https:\/\/seastemic.com\/index.php\/wp-json\/wp\/v2\/comments?post=2737"}],"version-history":[{"count":10,"href":"https:\/\/seastemic.com\/index.php\/wp-json\/wp\/v2\/pages\/2737\/revisions"}],"predecessor-version":[{"id":3024,"href":"https:\/\/seastemic.com\/index.php\/wp-json\/wp\/v2\/pages\/2737\/revisions\/3024"}],"up":[{"embeddable":true,"href":"https:\/\/seastemic.com\/index.php\/wp-json\/wp\/v2\/pages\/1382"}],"wp:attachment":[{"href":"https:\/\/seastemic.com\/index.php\/wp-json\/wp\/v2\/media?parent=2737"}],"curies":[{"name":"wp","href":"https:\/\/api.w.org\/{rel}","templated":true}]}}