{"id":1479,"date":"2023-07-07T15:41:43","date_gmt":"2023-07-07T13:41:43","guid":{"rendered":"http:\/\/seastemic.fr\/?page_id=1479"},"modified":"2025-02-12T11:31:17","modified_gmt":"2025-02-12T10:31:17","slug":"contact-2","status":"publish","type":"page","link":"https:\/\/seastemic.com\/index.php\/contact-2\/","title":{"rendered":"CONTACT"},"content":{"rendered":"<div class=\"yoast-breadcrumbs\"><span><span><a href=\"https:\/\/seastemic.com\/\">Accueil<\/a><\/span> \u00bb <span class=\"breadcrumb_last\" aria-current=\"page\">CONTACT<\/span><\/span><\/div>\n\n\n<h1 class=\"wp-block-heading\">Page de Contact de Seastemic<\/h1>\n\n\n\n<div class=\"wp-block-columns alignwide are-vertically-aligned-top is-layout-flex wp-container-core-columns-is-layout-2 wp-block-columns-is-layout-flex\">\n<div class=\"wp-block-column is-vertically-aligned-top is-layout-flow wp-block-column-is-layout-flow\">\n<div class=\"wp-block-group alignfull has-background\" style=\"background-color:#0b3761\"><div class=\"wp-block-group__inner-container is-layout-flow wp-block-group-is-layout-flow\">\n<div class=\"wp-block-columns alignwide is-layout-flex wp-container-core-columns-is-layout-1 wp-block-columns-is-layout-flex\">\n<div class=\"wp-block-column is-vertically-aligned-bottom is-layout-flow wp-block-column-is-layout-flow\" style=\"flex-basis:67%\">\n<div class=\"wp-block-cover is-light has-parallax\" style=\"min-height:100vh;aspect-ratio:unset;\"><span aria-hidden=\"true\" class=\"wp-block-cover__background has-background-dim\"><\/span><div class=\"wp-block-cover__image-background wp-image-544 has-parallax\" style=\"background-position:50% 50%;background-image:url(https:\/\/seastemic.com\/wp-content\/uploads\/2022\/02\/20190514_145335_PYF-Rangiroa-Plonge\u0301e-Tiputa_Yaka.jpg)\"><\/div><div class=\"wp-block-cover__inner-container is-layout-flow wp-block-cover-is-layout-flow\">\n<h2 class=\"wp-block-heading has-text-align-center has-white-color has-text-color\">Contactez nous !<\/h2>\n<\/div><\/div>\n<\/div>\n\n\n\n<div class=\"wp-block-column is-vertically-aligned-center is-layout-flow wp-block-column-is-layout-flow\" style=\"flex-basis:33%\">\n<h2 class=\"wp-block-heading has-white-color has-text-color has-large-font-size\">Seastemic : Plonger au coeur de vos probl\u00e9matiques<\/h2>\n<\/div>\n<\/div>\n<\/div><\/div>\n<\/div>\n<\/div>\n\n\n\n<div class=\"wp-block-cover has-nv-c-1-color has-text-color has-link-color wp-elements-10f56194b2881c233a6b8bb0cd754179\" id=\"formulaire\"><span aria-hidden=\"true\" class=\"wp-block-cover__background has-nv-light-bg-background-color has-background-dim-70 has-background-dim\"><\/span><div class=\"wp-block-cover__inner-container is-layout-constrained wp-block-cover-is-layout-constrained\">\n<h3 class=\"wp-block-heading has-neve-text-color-color has-text-color has-link-color wp-elements-b00471b63ee7320a2bc23bc6a2f0a629\">FORMULAIRE DE CONTACT<\/h3>\n\n\n\n<h3 class=\"wp-block-heading has-neve-text-color-color has-text-color has-link-color wp-elements-8f3749163605364afb5a32dce2864ddf\" style=\"text-transform:none\">Vos informations<\/h3>\n\n\n\n<div id=\"wp-block-themeisle-blocks-form-58fa446d\" class=\"wp-block-themeisle-blocks-form\" data-option-name=\"bf9b28ff82ce323187abc5d0feb0d8f07ecd8436_58fa446d\"><form class=\"otter-form__container\">\n<div class=\"wp-block-columns is-layout-flex wp-container-core-columns-is-layout-3 wp-block-columns-is-layout-flex\">\n<div class=\"wp-block-column is-layout-flow wp-block-column-is-layout-flow\">\n<div id=\"wp-block-themeisle-blocks-form-input-d9bbdda2\" class=\"wp-block-themeisle-blocks-form-input\"><label for=\"wp-block-themeisle-blocks-form-input-d9bbdda2-input\" class=\"otter-form-input-label\"><span class=\"otter-form-input-label__label\">Nom<\/span><\/label><input type=\"text\" id=\"wp-block-themeisle-blocks-form-input-d9bbdda2-input\" class=\"otter-form-input\"\/><\/div>\n<\/div>\n\n\n\n<div class=\"wp-block-column is-layout-flow wp-block-column-is-layout-flow\">\n<div id=\"wp-block-themeisle-blocks-form-input-6f7f6440\" class=\"wp-block-themeisle-blocks-form-input\"><label for=\"wp-block-themeisle-blocks-form-input-6f7f6440-input\" class=\"otter-form-input-label\"><span class=\"otter-form-input-label__label\">Pr\u00e9nom<\/span><\/label><input type=\"text\" id=\"wp-block-themeisle-blocks-form-input-6f7f6440-input\" class=\"otter-form-input\"\/><\/div>\n<\/div>\n\n\n\n<div class=\"wp-block-column is-layout-flow wp-block-column-is-layout-flow\">\n<div id=\"wp-block-themeisle-blocks-form-input-9e2f1079\" class=\"wp-block-themeisle-blocks-form-input\"><label for=\"wp-block-themeisle-blocks-form-input-9e2f1079-input\" class=\"otter-form-input-label\"><span class=\"otter-form-input-label__label\">Email<\/span><span class=\"required\">*<\/span><\/label><input type=\"email\" id=\"wp-block-themeisle-blocks-form-input-9e2f1079-input\" required class=\"otter-form-input\"\/><\/div>\n<\/div>\n<\/div>\n\n\n\n<div class=\"wp-block-columns is-layout-flex wp-container-core-columns-is-layout-4 wp-block-columns-is-layout-flex\">\n<div class=\"wp-block-column is-layout-flow wp-block-column-is-layout-flow\">\n<div id=\"wp-block-themeisle-blocks-form-input-f36f2f02\" class=\"wp-block-themeisle-blocks-form-input\"><label for=\"wp-block-themeisle-blocks-form-input-f36f2f02-input\" class=\"otter-form-input-label\"><span class=\"otter-form-input-label__label\">T\u00e9l\u00e9phone<\/span><\/label><input type=\"text\" id=\"wp-block-themeisle-blocks-form-input-f36f2f02-input\" class=\"otter-form-input\"\/><\/div>\n<\/div>\n\n\n\n<div class=\"wp-block-column is-layout-flow wp-block-column-is-layout-flow\">\n<div id=\"wp-block-themeisle-blocks-form-input-ff9c08f8\" class=\"wp-block-themeisle-blocks-form-input\"><label for=\"wp-block-themeisle-blocks-form-input-ff9c08f8-input\" class=\"otter-form-input-label\"><span class=\"otter-form-input-label__label\">Nom de votre structure<\/span><\/label><input type=\"text\" id=\"wp-block-themeisle-blocks-form-input-ff9c08f8-input\" class=\"otter-form-input\"\/><\/div>\n<\/div>\n<\/div>\n\n\n\n<div style=\"height:22px\" aria-hidden=\"true\" class=\"wp-block-spacer\"><\/div>\n\n\n\n<h3 class=\"wp-block-heading has-text-align-left has-neve-text-color-color has-text-color has-link-color wp-elements-e3413851e2306b3b66ddc81c7e44208e\" style=\"text-transform:none\">Vous \u00eates int\u00e9ress\u00e9 par ?<\/h3>\n\n\n\n<div class=\"wp-block-group has-medium-font-size is-content-justification-center is-nowrap is-layout-flex wp-container-core-group-is-layout-2 wp-block-group-is-layout-flex\"><div class=\"alignfull is-style-o-c-one-third wp-block-themeisle-blocks-form-multiple-choice\" id=\"wp-block-themeisle-blocks-form-input-71efebe7\"><label class=\"otter-form-input-label\" for=\"wp-block-themeisle-blocks-form-input-71efebe7\" >INSPIRER<\/label><select id=\"wp-block-themeisle-blocks-form-input-71efebe7\"  name=\"wp-block-themeisle-blocks-form-input-71efebe7\"><option value=\"a-choisir\">A Choisir<\/option><option value=\"conference\">Conf\u00e9rence <\/option><option value=\"atelier-ludique\">Atelier ludique<\/option><option value=\"exposition-planete-mere-un-oeil-dans-locean\">Exposition Plan\u00e8te mer(e) &#8211; un oeil dans l\u2019oc\u00e9an<\/option><option value=\"photographies-ou-exposition-adaptees-a-votre-contexte\">Photographies ou exposition adapt\u00e9es \u00e0 votre contexte<\/option><option value=\"je-ne-sais-pas-encore\">Je ne sais pas encore<\/option><\/select><span class=\"o-form-help\"><\/span><\/div>\n\n<div class=\"is-style-o-c-one-third wp-block-themeisle-blocks-form-multiple-choice\" id=\"wp-block-themeisle-blocks-form-input-f09f9c83\"><label class=\"otter-form-input-label\" for=\"wp-block-themeisle-blocks-form-input-f09f9c83\" >FORMER<\/label><select id=\"wp-block-themeisle-blocks-form-input-f09f9c83\"  name=\"wp-block-themeisle-blocks-form-input-f09f9c83\"><option value=\"a-choisir\">A Choisir <\/option><option value=\"formation-aux-enjeux-environnementaux\">Formation aux enjeux  environnementaux<\/option><option value=\"formation-au-metier-du-conseil\">Formation au m\u00e9tier du conseil <\/option><option value=\"formation-a-lingenierie-pedagogique\">Formation \u00e0 l\u2019ing\u00e9nierie p\u00e9dagogique<\/option><option value=\"formation-a-la-gestion-de-projet\">Formation \u00e0 la gestion de projet<\/option><option value=\"formation-au-management\">Formation au management<\/option><option value=\"co-developpement-professionnel\">Co D\u00e9veloppement professionnel<\/option><option value=\"formation-a-lintelligence-collective\">Formation \u00e0 l\u2019intelligence collective <\/option><option value=\"formation-a-la-posture-danimation\">Formation \u00e0 la posture d\u2019animation<\/option><\/select><span class=\"o-form-help\"><\/span><\/div>\n\n<div class=\"is-style-o-c-one-third wp-block-themeisle-blocks-form-multiple-choice\" id=\"wp-block-themeisle-blocks-form-input-e79ba33d\"><label class=\"otter-form-input-label\" for=\"wp-block-themeisle-blocks-form-input-e79ba33d\" >TRANSFORMER<\/label><select id=\"wp-block-themeisle-blocks-form-input-e79ba33d\"  name=\"wp-block-themeisle-blocks-form-input-e79ba33d\"><option value=\"a-choisir\"selected>A Choisir <\/option><option value=\"conseil\">Conseil<\/option><option value=\"accompagnement-sur-mesure\">Accompagnement sur mesure<\/option><option value=\"atelier-adacc\">Atelier Adacc<\/option><option value=\"label-ocean-approved\">Label Ocean Approved<\/option><\/select><span class=\"o-form-help\"><\/span><\/div><\/div>\n\n\n<div class=\"is-style-inline-list is-style-o-c-one-third wp-block-themeisle-blocks-form-multiple-choice\" id=\"wp-block-themeisle-blocks-form-input-7d5e59d8\"><label class=\"otter-form-input-label\" >Nombre de participants estim\u00e9<\/label><div class=\"o-form-choices\"><div class=\"o-form-multiple-choice-field\"><input type=\"checkbox\" name=\"wp-block-themeisle-blocks-form-input-7d5e59d8\" id=\"field-Moins_de_20_\" value=\"Moins_de_20_\"  \/><label for=\"field-Moins_de_20_\" class=\"o-form-choice-label\">Moins de 20 <\/label><\/div><div class=\"o-form-multiple-choice-field\"><input type=\"checkbox\" name=\"wp-block-themeisle-blocks-form-input-7d5e59d8\" id=\"field-20-50\" value=\"20-50\"  \/><label for=\"field-20-50\" class=\"o-form-choice-label\">20-50<\/label><\/div><div class=\"o-form-multiple-choice-field\"><input type=\"checkbox\" name=\"wp-block-themeisle-blocks-form-input-7d5e59d8\" id=\"field-50-100\" value=\"50-100\"  \/><label for=\"field-50-100\" class=\"o-form-choice-label\">50-100<\/label><\/div><div class=\"o-form-multiple-choice-field\"><input type=\"checkbox\" name=\"wp-block-themeisle-blocks-form-input-7d5e59d8\" id=\"field-100-200\" value=\"100-200\"  \/><label for=\"field-100-200\" class=\"o-form-choice-label\">100-200<\/label><\/div><div class=\"o-form-multiple-choice-field\"><input type=\"checkbox\" name=\"wp-block-themeisle-blocks-form-input-7d5e59d8\" id=\"field-Plus_de_200\" value=\"Plus_de_200\"  \/><label for=\"field-Plus_de_200\" class=\"o-form-choice-label\">Plus de 200<\/label><\/div><\/div><span class=\"o-form-help\"><\/span><\/div>\n\n\n<div id=\"wp-block-themeisle-blocks-form-input-4a93a673\" class=\"wp-block-themeisle-blocks-form-input  is-style-o-c-one-third\"><label for=\"wp-block-themeisle-blocks-form-input-4a93a673-input\" class=\"otter-form-input-label\"><span class=\"otter-form-input-label__label\">Date souhait\u00e9e d&rsquo;intervention<\/span><\/label><input type=\"date\" id=\"wp-block-themeisle-blocks-form-input-4a93a673-input\" class=\"otter-form-input\"\/><\/div>\n\n\n\n<div id=\"wp-block-themeisle-blocks-form-textarea-d0aad8e8\" class=\"wp-block-themeisle-blocks-form-textarea\"><label for=\"wp-block-themeisle-blocks-form-textarea-d0aad8e8-input\" class=\"otter-form-textarea-label\"><span class=\"otter-form-textarea-label__label\">Message<\/span><\/label><textarea id=\"wp-block-themeisle-blocks-form-textarea-d0aad8e8-input\" rows=\"10\" class=\"otter-form-textarea-input\"><\/textarea><\/div>\n\n\n<div class=\"protection\" aria-hidden=\"true\"><input type=\"hidden\" id=\"wp-block-themeisle-blocks-form-58fa446d_nonce_field\" name=\"wp-block-themeisle-blocks-form-58fa446d_nonce_field\" value=\"4a91ac9871\" \/><input type=\"hidden\" name=\"_wp_http_referer\" value=\"\/index.php\/wp-json\/wp\/v2\/pages\/1479\" \/><input class=\"o-anti-bot\" type=\"checkbox\"><\/div>\n\n\n<div style=\"height:10px\" aria-hidden=\"true\" class=\"wp-block-spacer\"><\/div>\n<div class=\"wp-block-button full\"><button class=\"wp-block-button__link\" type=\"submit\">Envoyer<\/button><\/div><\/form><\/div>\n<\/div><\/div>\n\n\n\n<div style=\"height:15px\" aria-hidden=\"true\" class=\"wp-block-spacer\"><\/div>\n\n\n\n<div class=\"wp-block-columns is-layout-flex wp-container-core-columns-is-layout-5 wp-block-columns-is-layout-flex\">\n<div class=\"wp-block-column is-vertically-aligned-center is-layout-flow wp-block-column-is-layout-flow\">\n<h3 class=\"wp-block-heading has-text-align-right has-text-color has-medium-font-size\" style=\"color:#1f0c85\"><strong>ERIC<\/strong><strong>.<\/strong><strong>CROS<\/strong><strong>@<\/strong><strong>SEASTEMIC<\/strong><strong>.<\/strong><strong>COM<\/strong><\/h3>\n\n\n\n<p class=\"has-text-align-right has-text-color\" style=\"color:#1f0c85;font-size:24px\"><strong>+33 (0)6 48 69 05 68<\/strong><\/p>\n\n\n\n<h3 class=\"wp-block-heading has-text-align-right has-text-color\" style=\"color:#1f0c85;font-size:24px\"><a href=\"https:\/\/www.linkedin.com\/in\/ericcros\/\" target=\"_blank\" rel=\"noreferrer noopener\">https:\/\/www.linkedin.com \/in\/ericcros\/<\/a><\/h3>\n\n\n\n<p class=\"has-text-align-right has-text-color\" style=\"color:#1f0c85;font-size:24px\"><strong><a href=\"http:\/\/WWW.SEASTEMIC.COM\" data-type=\"URL\" data-id=\"WWW.SEASTEMIC.COM\">WWW.SEASTEMIC.COM<\/a><\/strong><\/p>\n<\/div>\n\n\n\n<div class=\"wp-block-column is-layout-flow wp-block-column-is-layout-flow\"><div class=\"wp-block-image is-style-default\">\n<figure class=\"aligncenter size-large is-resized\"><img loading=\"lazy\" decoding=\"async\" width=\"1024\" height=\"1019\" src=\"https:\/\/seastemic.com\/wp-content\/uploads\/2022\/02\/Capture-de\u0301cran-2022-02-21-a\u0300-18.22.18-1024x1019.png\" alt=\"QR Code Contact Eric Cros\" class=\"wp-image-545\" style=\"width:316px;height:auto\" srcset=\"https:\/\/seastemic.com\/wp-content\/uploads\/2022\/02\/Capture-de\u0301cran-2022-02-21-a\u0300-18.22.18-1024x1019.png 1024w, https:\/\/seastemic.com\/wp-content\/uploads\/2022\/02\/Capture-de\u0301cran-2022-02-21-a\u0300-18.22.18-300x298.png 300w, https:\/\/seastemic.com\/wp-content\/uploads\/2022\/02\/Capture-de\u0301cran-2022-02-21-a\u0300-18.22.18-150x150.png 150w, https:\/\/seastemic.com\/wp-content\/uploads\/2022\/02\/Capture-de\u0301cran-2022-02-21-a\u0300-18.22.18-768x764.png 768w, https:\/\/seastemic.com\/wp-content\/uploads\/2022\/02\/Capture-de\u0301cran-2022-02-21-a\u0300-18.22.18.png 1136w\" sizes=\"auto, (max-width: 1024px) 100vw, 1024px\" \/><\/figure><\/div><\/div>\n\n\n\n<div class=\"wp-block-column is-vertically-aligned-center is-layout-flow wp-block-column-is-layout-flow\">\n<figure class=\"wp-block-image size-large is-resized is-style-rounded\"><img loading=\"lazy\" decoding=\"async\" width=\"1024\" height=\"892\" src=\"https:\/\/seastemic.com\/wp-content\/uploads\/2022\/02\/20180805_205327_FR-Pyre\u0301ne\u0301es-ArrensMarsous-Rando-LacMigouelou-5-1024x892.jpg\" alt=\"Photo Eric Cros Fondateur de Seastemic\" class=\"wp-image-535\" style=\"aspect-ratio:1.1533101045296168;width:300px;height:auto\" srcset=\"https:\/\/seastemic.com\/wp-content\/uploads\/2022\/02\/20180805_205327_FR-Pyre\u0301ne\u0301es-ArrensMarsous-Rando-LacMigouelou-5-1024x892.jpg 1024w, https:\/\/seastemic.com\/wp-content\/uploads\/2022\/02\/20180805_205327_FR-Pyre\u0301ne\u0301es-ArrensMarsous-Rando-LacMigouelou-5-300x261.jpg 300w, https:\/\/seastemic.com\/wp-content\/uploads\/2022\/02\/20180805_205327_FR-Pyre\u0301ne\u0301es-ArrensMarsous-Rando-LacMigouelou-5-768x669.jpg 768w, https:\/\/seastemic.com\/wp-content\/uploads\/2022\/02\/20180805_205327_FR-Pyre\u0301ne\u0301es-ArrensMarsous-Rando-LacMigouelou-5.jpg 1240w\" sizes=\"auto, (max-width: 1024px) 100vw, 1024px\" \/><\/figure>\n<\/div>\n<\/div>\n\n\n\n<div style=\"height:10px\" aria-hidden=\"true\" class=\"wp-block-spacer\"><\/div>\n","protected":false},"excerpt":{"rendered":"<p>Page de Contact de Seastemic Seastemic : Plonger au coeur de vos probl\u00e9matiques ERIC.CROS@SEASTEMIC.COM +33 (0)6 48 69 05 68 https:\/\/www.linkedin.com \/in\/ericcros\/ WWW.SEASTEMIC.COM<\/p>\n","protected":false},"author":1,"featured_media":0,"parent":0,"menu_order":0,"comment_status":"closed","ping_status":"closed","template":"","meta":{"neve_meta_sidebar":"","neve_meta_container":"","neve_meta_enable_content_width":"","neve_meta_content_width":0,"neve_meta_title_alignment":"","neve_meta_author_avatar":"","neve_post_elements_order":"","neve_meta_disable_header":"","neve_meta_disable_footer":"","neve_meta_disable_title":"off","_themeisle_gutenberg_block_has_review":false,"footnotes":""},"class_list":["post-1479","page","type-page","status-publish","hentry"],"yoast_head":"<!-- This site is optimized with the Yoast SEO plugin v24.4 - https:\/\/yoast.com\/wordpress\/plugins\/seo\/ -->\n<title>CONTACT - Seastemic<\/title>\n<meta name=\"description\" content=\"Page pour contacter Seastemic. Formulaire de demande d&#039;information et nos coordonn\u00e9es.\" \/>\n<meta name=\"robots\" content=\"index, follow, max-snippet:-1, max-image-preview:large, max-video-preview:-1\" \/>\n<link rel=\"canonical\" href=\"https:\/\/seastemic.com\/index.php\/contact-2\/\" \/>\n<meta property=\"og:locale\" content=\"fr_FR\" \/>\n<meta property=\"og:type\" content=\"article\" \/>\n<meta property=\"og:title\" content=\"CONTACT - Seastemic\" \/>\n<meta property=\"og:description\" content=\"Page pour contacter Seastemic. Formulaire de demande d&#039;information et nos coordonn\u00e9es.\" \/>\n<meta property=\"og:url\" content=\"https:\/\/seastemic.com\/index.php\/contact-2\/\" \/>\n<meta property=\"og:site_name\" content=\"Seastemic\" \/>\n<meta property=\"article:modified_time\" content=\"2025-02-12T10:31:17+00:00\" \/>\n<meta name=\"twitter:card\" content=\"summary_large_image\" \/>\n<meta name=\"twitter:label1\" content=\"Dur\u00e9e de lecture estim\u00e9e\" \/>\n\t<meta name=\"twitter:data1\" content=\"1 minute\" \/>\n<script type=\"application\/ld+json\" class=\"yoast-schema-graph\">{\"@context\":\"https:\/\/schema.org\",\"@graph\":[{\"@type\":\"WebPage\",\"@id\":\"https:\/\/seastemic.com\/index.php\/contact-2\/\",\"url\":\"https:\/\/seastemic.com\/index.php\/contact-2\/\",\"name\":\"CONTACT - Seastemic\",\"isPartOf\":{\"@id\":\"https:\/\/seastemic.com\/#website\"},\"datePublished\":\"2023-07-07T13:41:43+00:00\",\"dateModified\":\"2025-02-12T10:31:17+00:00\",\"description\":\"Page pour contacter Seastemic. Formulaire de demande d'information et nos coordonn\u00e9es.\",\"breadcrumb\":{\"@id\":\"https:\/\/seastemic.com\/index.php\/contact-2\/#breadcrumb\"},\"inLanguage\":\"fr-FR\",\"potentialAction\":[{\"@type\":\"ReadAction\",\"target\":[\"https:\/\/seastemic.com\/index.php\/contact-2\/\"]}]},{\"@type\":\"BreadcrumbList\",\"@id\":\"https:\/\/seastemic.com\/index.php\/contact-2\/#breadcrumb\",\"itemListElement\":[{\"@type\":\"ListItem\",\"position\":1,\"name\":\"Accueil\",\"item\":\"https:\/\/seastemic.com\/\"},{\"@type\":\"ListItem\",\"position\":2,\"name\":\"CONTACT\"}]},{\"@type\":\"WebSite\",\"@id\":\"https:\/\/seastemic.com\/#website\",\"url\":\"https:\/\/seastemic.com\/\",\"name\":\"Seastemic\",\"description\":\"Inspirer, Former, Transformer\",\"publisher\":{\"@id\":\"https:\/\/seastemic.com\/#organization\"},\"potentialAction\":[{\"@type\":\"SearchAction\",\"target\":{\"@type\":\"EntryPoint\",\"urlTemplate\":\"https:\/\/seastemic.com\/?s={search_term_string}\"},\"query-input\":{\"@type\":\"PropertyValueSpecification\",\"valueRequired\":true,\"valueName\":\"search_term_string\"}}],\"inLanguage\":\"fr-FR\"},{\"@type\":\"Organization\",\"@id\":\"https:\/\/seastemic.com\/#organization\",\"name\":\"Seastemic\",\"url\":\"https:\/\/seastemic.com\/\",\"logo\":{\"@type\":\"ImageObject\",\"inLanguage\":\"fr-FR\",\"@id\":\"https:\/\/seastemic.com\/#\/schema\/logo\/image\/\",\"url\":\"https:\/\/seastemic.com\/wp-content\/uploads\/2023\/06\/cropped-cropped-icone_seastemic.png\",\"contentUrl\":\"https:\/\/seastemic.com\/wp-content\/uploads\/2023\/06\/cropped-cropped-icone_seastemic.png\",\"width\":\"512\",\"height\":\"512\",\"caption\":\"Seastemic\"},\"image\":{\"@id\":\"https:\/\/seastemic.com\/#\/schema\/logo\/image\/\"},\"sameAs\":[\"https:\/\/www.linkedin.com\/company\/seastemic31\"]}]}<\/script>\n<!-- \/ Yoast SEO plugin. -->","yoast_head_json":{"title":"CONTACT - Seastemic","description":"Page pour contacter Seastemic. Formulaire de demande d'information et nos coordonn\u00e9es.","robots":{"index":"index","follow":"follow","max-snippet":"max-snippet:-1","max-image-preview":"max-image-preview:large","max-video-preview":"max-video-preview:-1"},"canonical":"https:\/\/seastemic.com\/index.php\/contact-2\/","og_locale":"fr_FR","og_type":"article","og_title":"CONTACT - Seastemic","og_description":"Page pour contacter Seastemic. Formulaire de demande d'information et nos coordonn\u00e9es.","og_url":"https:\/\/seastemic.com\/index.php\/contact-2\/","og_site_name":"Seastemic","article_modified_time":"2025-02-12T10:31:17+00:00","twitter_card":"summary_large_image","twitter_misc":{"Dur\u00e9e de lecture estim\u00e9e":"1 minute"},"schema":{"@context":"https:\/\/schema.org","@graph":[{"@type":"WebPage","@id":"https:\/\/seastemic.com\/index.php\/contact-2\/","url":"https:\/\/seastemic.com\/index.php\/contact-2\/","name":"CONTACT - Seastemic","isPartOf":{"@id":"https:\/\/seastemic.com\/#website"},"datePublished":"2023-07-07T13:41:43+00:00","dateModified":"2025-02-12T10:31:17+00:00","description":"Page pour contacter Seastemic. Formulaire de demande d'information et nos coordonn\u00e9es.","breadcrumb":{"@id":"https:\/\/seastemic.com\/index.php\/contact-2\/#breadcrumb"},"inLanguage":"fr-FR","potentialAction":[{"@type":"ReadAction","target":["https:\/\/seastemic.com\/index.php\/contact-2\/"]}]},{"@type":"BreadcrumbList","@id":"https:\/\/seastemic.com\/index.php\/contact-2\/#breadcrumb","itemListElement":[{"@type":"ListItem","position":1,"name":"Accueil","item":"https:\/\/seastemic.com\/"},{"@type":"ListItem","position":2,"name":"CONTACT"}]},{"@type":"WebSite","@id":"https:\/\/seastemic.com\/#website","url":"https:\/\/seastemic.com\/","name":"Seastemic","description":"Inspirer, Former, Transformer","publisher":{"@id":"https:\/\/seastemic.com\/#organization"},"potentialAction":[{"@type":"SearchAction","target":{"@type":"EntryPoint","urlTemplate":"https:\/\/seastemic.com\/?s={search_term_string}"},"query-input":{"@type":"PropertyValueSpecification","valueRequired":true,"valueName":"search_term_string"}}],"inLanguage":"fr-FR"},{"@type":"Organization","@id":"https:\/\/seastemic.com\/#organization","name":"Seastemic","url":"https:\/\/seastemic.com\/","logo":{"@type":"ImageObject","inLanguage":"fr-FR","@id":"https:\/\/seastemic.com\/#\/schema\/logo\/image\/","url":"https:\/\/seastemic.com\/wp-content\/uploads\/2023\/06\/cropped-cropped-icone_seastemic.png","contentUrl":"https:\/\/seastemic.com\/wp-content\/uploads\/2023\/06\/cropped-cropped-icone_seastemic.png","width":"512","height":"512","caption":"Seastemic"},"image":{"@id":"https:\/\/seastemic.com\/#\/schema\/logo\/image\/"},"sameAs":["https:\/\/www.linkedin.com\/company\/seastemic31"]}]}},"_links":{"self":[{"href":"https:\/\/seastemic.com\/index.php\/wp-json\/wp\/v2\/pages\/1479","targetHints":{"allow":["GET"]}}],"collection":[{"href":"https:\/\/seastemic.com\/index.php\/wp-json\/wp\/v2\/pages"}],"about":[{"href":"https:\/\/seastemic.com\/index.php\/wp-json\/wp\/v2\/types\/page"}],"author":[{"embeddable":true,"href":"https:\/\/seastemic.com\/index.php\/wp-json\/wp\/v2\/users\/1"}],"replies":[{"embeddable":true,"href":"https:\/\/seastemic.com\/index.php\/wp-json\/wp\/v2\/comments?post=1479"}],"version-history":[{"count":17,"href":"https:\/\/seastemic.com\/index.php\/wp-json\/wp\/v2\/pages\/1479\/revisions"}],"predecessor-version":[{"id":3150,"href":"https:\/\/seastemic.com\/index.php\/wp-json\/wp\/v2\/pages\/1479\/revisions\/3150"}],"wp:attachment":[{"href":"https:\/\/seastemic.com\/index.php\/wp-json\/wp\/v2\/media?parent=1479"}],"curies":[{"name":"wp","href":"https:\/\/api.w.org\/{rel}","templated":true}]}}